 is divided by o.
3
Let t(v) = -3*v + 2. Suppose 4 = -r, -w + 19 = -6*r + r. Let f be t(w). Suppose -p + 83 = f*g + 1, p + 20 = g. Calculate the remainder when 66 is divided by g.
15
Let l = 544 + -68. What is the remainder when l is divided by 80?
76
Let q be (7 + -2)*(48 - 19). Suppose 3*m + 3*g = -0*m + 165, 3*m - q = g. Calculate the remainder when m is divided by (-2)/4 + 35/2.
16
Calculate the remainder when 138/(-322) + (-3810)/(-21) is divided by 18.
1
Let r(g) = g + 7. Let h be r(-8). What is the remainder when 135 is divided by (-23)/((h + 5)/(-4))?
20
Suppose 655*i = 641*i + 1064. Calculate the remainder when i is divided by 68.
8
Suppose -4*o = -5*w + o - 285, 4*o - 122 = 2*w. Calculate the remainder when 79 is divided by w/(-2) + 10/20.
25
Let q = -4 - 69. Let v = 166 - q. Calculate the remainder when v is divided by 15.
14
Suppose h + h - 20 = 0. Let u = -6223 - -6271. Calculate the remainder when u is divided by h.
8
Suppose 0*h + 4*o = 3*h - 161, h + o = 56. Let v = 65 - h. Suppose 0 = r + 3*r - 152. What is the remainder when r is divided by v?
8
Let b be (-9)/(-2 - (-26)/16). Suppose b = -7*n + 5*n. Let q = n - -16. What is the remainder when 13 is divided by q?
1
Let y be 2 + 15 - (5 + -1). Suppose -2*v = -y + 7. What is the remainder when ((-2)/(-1) - v) + 164 is divided by 41?
40
Let p(s) = s**3 + 2*s**2 + 2*s - 1. Suppose 22*r - 194 = 48. What is the remainder when p(2) is divided by r?
8
Let b(u) = 88*u + 12. What is the remainder when b(1) is divided by 28?
16
Suppose 0 = -c + 24 + 152. Let q = c - 139. Calculate the remainder when 107 is divided by q.
33
Let s(b) = b**2 - 32*b + 111. Calculate the remainder when s(32) is divided by 67.
44
Let a(l) = -3*l**3 - 4*l**2 - l - 4. Let i be a(-3). Let n = 64 - i. What is the remainder when n is divided by 4/(-26) - 1395/(-195)?
6
Let t(z) = 27*z**2 - 1. Let c(y) = 54*y**2 - 2. Let u(d) = -2*c(d) + 5*t(d). What is the remainder when 101 is divided by u(-1)?
23
Let b(x) = -18*x + 1. Let p be b(-5). Let l = -65 + p. Let d = 48 - 39. What is the remainder when l is divided by d?
8
Suppose 0 = 4*h - h - 4*f - 112, -16 = -h - 4*f. Let m be (-95 - (6 - 3))*-1. Suppose -6*a - 32 = -m. Calculate the remainder when h is divided by a.
10
Suppose -3*x = -3*w, -40 + 16 = -4*x - 2*w. Suppose -72 = -7*a + 3*a. Suppose -x*l = -l - a. What is the remainder when 9 is divided by l?
3
Suppose 160 = 358*k - 338*k. Let r = -108 + 152. What is the remainder when r is divided by k?
4
Let n = -1072 - -1326. Calculate the remainder when n is divided by 129.
125
Let b(q) = q**3 + 5*q**2 + 2*q + 2. Let n be (-329)/63 - (-4)/18. Let l be b(n). Calculate the remainder when 7*5 + l + 9 is divided by 13.
10
Let l(w) = w**3 - 10*w**2 + 8*w + 9. Let q be l(9). Suppose q = -5*j + 6*j - 13. What is the remainder when 36 is divided by j?
10
Suppose 2*b - 2 - 8 = 0. Let d be 1 - (16/(-4) - -5). Suppose -5*q + 8*q - 102 = d. What is the remainder when q is divided by b?
4
Suppose m = -2*y + 11 + 57, 3*y - m = 107. Let i(a) = a**3 + 7*a**2 + 6*a + 2. Let x be i(-6). Let j = x + y. What is the remainder when j is divided by 13?
11
Let n = 669 - 637. Let f = 318 - 191. What is the remainder when f is divided by n?
31
Suppose 2 = -5*v + 22. Let u(m) = m**3 + 17*m**2 - 63*m - 44. Calculate the remainder when u(-20) is divided by v.
0
Suppose 4*f - 334 = -u - 2*u, 3*u - f = 314. Calculate the remainder when u is divided by 31.
13
Let o = 26 + 2. Let b = 37 - o. Calculate the remainder when b is divided by 5.
4
Suppose 5*f - 220 = -4*v, 2*v - 2*f + 3*f = 104. Calculate the remainder when v is divided by 14.
8
Suppose w + c - 116 = 0, -2*w + 230 = -0*c + 4*c. Calculate the remainder when w is divided by 20.
17
Let d = 2215 - 2097. Let l = -3 - -34. Calculate the remainder when d is divided by l.
25
Let p = -94 - -66. Let n = 104 + -166. What is the remainder when 14 is divided by n/(-8) + (-7)/p?
6
Let g(q) = -12*q - 29. Calculate the remainder when 84 is divided by g(-6).
41
Let v be 16/1*(-1 + 2). What is the remainder when 20/6*120/v is divided by 13?
12
Let y(q) = 18*q**2 + 11*q + 2. Calculate the remainder when y(-2) is divided by 19 - (-28)/(-42)*6/(-4).
12
Calculate the remainder when 30 is divided by 254/10 - (-6)/(-15).
5
Let o = 77 + 43. Suppose 3*j + 21 = o. Calculate the remainder when j is divided by 18.
15
Let y(p) be the first derivative of p**2/2 + 17*p - 3. Suppose 0*i - 3*i = -27. Calculate the remainder when i is divided by y(-11).
3
Let g(l) = l**3 + l**2. Suppose 2*d - 2043 = -7*d. Let w = d + -158. What is the remainder when w is divided by g(2)?
9
Let i(w) = w**2 - 7*w - 6. Let f be i(6). Let g be 2*(-3)/f*-34. Let x = -5 - g. Calculate the remainder when x is divided by 3.
0
Suppose 0 = -4*f + 16, -7*s - 17 = -4*s - 2*f. What is the remainder when 23 is divided by 0 + 1/(s/(-39))?
10
Let i be ((-6)/(-9))/((-1)/(-6)). Suppose 2*h = -i*g - 3*h + 91, 2*g + h - 47 = 0. Calculate the remainder when 84 is divided by g.
12
Suppose 4*s = 33 - 161. Let p be 18/(-4)*s/24. What is the remainder when 3/(-6) + 237/p is divided by 8?
7
Suppose 9*y = 3*v + 16842, y - 13*v + 8*v = 1890. Calculate the remainder when y is divided by 117.
115
Suppose c = -2*r + 6, 2 = r + c + 1. Suppose 0 = 4*u + m - 168, -m + 95 = r*u - 115. Calculate the remainder when u is divided by 23.
19
Let l = 256 + -249. Suppose 2*m - 7*m = 3*x - 33, 2*x - 3*m = 22. What is the remainder when x is divided by l?
4
Suppose -3*h + d = -81 + 7, 4*h - 2*d - 102 = 0. Let k = h + -6. Calculate the remainder when k is divided by 51/7 - 2/7.
3
Suppose x - 268 = -253. Suppose 0 = -3*y + y + 56. What is the remainder when y is divided by x?
13
What is the remainder when 98 is divided by (-1424)/(-120) - (-4)/30?
2
Suppose 0 = -56*l + 7*l + 490. Calculate the remainder when (3/(-2))/(2/(-28)) is divided by l.
1
Suppose 4 = -p + 2*p. Suppose -j = 3*j - 172. Suppose -4*t + 22 = -2*t + p*k, -3*t = 4*k - j. Calculate the remainder when t is divided by 11.
10
Suppose 354*x - 359*x = -40. What is the remainder when 221 is divided by x?
5
Suppose -5*t = -3*x + x + 15, -5*t - 2*x + 5 = 0. Let f be (-244*t/2)/1. Suppose -4*d - f = -290. What is the remainder when d is divided by 15?
12
Suppose -52*w + 54*w - 164 = 0. What is the remainder when w is divided by 16?
2
Let p(x) = 75 - 44*x - 75. Calculate the remainder when 174 is divided by p(-1).
42
Suppose -4 = -g - 1. Let s be -1*(-5 + 1 + -1). Suppose -3*u - 2*u = s*t - 10, 5 = -t. Calculate the remainder when u is divided by g.
1
Let b(c) = -c**3 + 10*c**2 - 6*c + 10. Calculate the remainder when b(9) is divided by 12/15*(1 + 9).
5
Suppose 4*v = 3*l - 195, 9*v - 325 = -5*l + 11*v. Calculate the remainder when 177 is divided by l.
47
Let o = 164 - 35. Calculate the remainder when o is divided by 22.
19
Suppose 36*p - 348 = -96. What is the remainder when 621 is divided by p?
5
Let g = 346 + -329. Suppose -6 - 14 = -4*h. What is the remainder when g is divided by h?
2
Let o = -186 + 269. Calculate the remainder when o is divided by 25.
8
Suppose 47 - 19 = 7*b. Calculate the remainder when b is divided by 3 - 2/(-4)*-2.
0
Let m(a) = 17*a - 445. Let k(z) = -3*z - 3 + z**2 - z**2 + z**2. What is the remainder when k(-4) is divided by m(27)?
11
Suppose 14 = -4*o + 6. What is the remainder when 6 is divided by -1 + -2 - (o - 3)?
0
Suppose -6*c + 4*l + 51 = -3*c, -17 = -c + 5*l. Suppose -9 = z - c. Calculate the remainder when 29 is divided by z.
5
Let i = 2025 - 935. Calculate the remainder when i is divided by 42.
40
Let f = 55 + -8. Suppose -33 = -3*y + 6. Calculate the remainder when f is divided by y.
8
Calculate the remainder when (-7)/(245/(-690)) - 2/(-7) is divided by 5.
0
Let j be (-88)/(-9) - (-4)/18. Suppose -j*m - 147 = -13*m. What is the remainder when m is divided by 10?
9
Let k(q) = -q**3 + 4*q**2 + 7*q + 3. Let t be k(6). Let j(r) = r**2 + 3*r - 23. Let m be j(-4). Let l = m - t. What is the remainder when 29 is divided by l?
5
Suppose 3*i - 2 = 13. Suppose -i*v + 154 = -3*v. Let t = -30 + v. What is the remainder when t is divided by 10?
7
Let a = -30 - -34. Let v be 2 - (3 + -4)*-5. What is the remainder when a is divided by (v/(3/4))/(-2)?
0
Let n = -682 + 697. What is the remainder when 178 i